ided by 14?
11
Let k = 2 + -3. What is the remainder when 35 is divided by 13*(2 - 1) + k?
11
Let k be 2/(-6)*(3 - 3). Let g = k - -2. Calculate the remainder when 3 is divided by g.
1
Suppose -o = -5*y + 16, -1 + 13 = -o + 3*y. Calculate the remainder when 41 is divided by (-183)/(-9) - o/9.
20
Suppose 6*c - 3*c = -96. Let o = c - -53. What is the remainder when o is divided by 11?
10
Suppose -3*p - p = -c + 9, -5*c + 25 = 0. Suppose 0 = -5*n - 4*v + 43, 5*v - 2*v = -5*n + 41. What is the remainder when 10 is divided by -6*p/n*7?
4
Let b(l) = l**2 + 7*l + 10. Calculate the remainder when b(-14) is divided by 22.
20
Suppose 4*u - 49 = 55. Calculate the remainder when u is divided by 10.
6
Suppose -5*i - 2*c = -40, -2*i - 5*c + 10 = -6. What is the remainder when ((-13)/2)/(1/(-2)) is divided by i?
5
Let o = -53 + 87. Suppose -d = -o - 12. Calculate the remainder when d is divided by 16.
14
Let d(c) = c**3 - 6*c**2 + 8*c - 5. Suppose 8*y = 3*y - 270. Let s = 83 + y. Calculate the remainder when s is divided by d(5).
9
Suppose -f + 48 = 3*f. Calculate the remainder when (-480)/16*(-6)/4 is divided by f.
9
Let x(z) be the third derivative of z**6/120 - z**5/12 + z**4/8 + 5*z**3/6 + 2*z**2. Calculate the remainder when x(5) is divided by 7.
6
Let x be (-6)/(-5)*5/2. Suppose 3*j - 33 = 3*g, -1 = j - 0*j + x*g. What is the remainder when j is divided by ((-10)/(-3))/(6/9)?
3
Let g(u) be the first derivative of -2*u - 1 - 7/2*u**2. What is the remainder when 56 is divided by g(-3)?
18
Suppose -2*r = -2*l - 108, -2*r - 3*l = r - 138. Calculate the remainder when r is divided by 17.
16
Let n(r) = -4*r - 35. Let x be 1/((-38)/(-36) + -1). Suppose -i - 2*i + x = 0. What is the remainder when n(-13) is divided by i?
5
Let p = 2 + 2. Let t = 5 + p. What is the remainder when 25 is divided by t?
7
Calculate the remainder when 41 is divided by (-174)/(-15) - ((-15)/(-25))/1.
8
Let c = 23 - 4. Suppose -j - 3*v = 15 - 48, 0 = -4*v - 4. What is the remainder when j is divided by c?
17
What is the remainder when 39 is divided by (100/(-5))/(-1*2)?
9
Calculate the remainder when 12/(2 - -1) - -32 is divided by 19.
17
Suppose -s = 4*c + 8, 5*s + 5*c + 10 = -0*s. Let z be (6/(-6))/((-2)/40). Suppose s = -5*r + z + 30. Calculate the remainder when 28 is divided by r.
8
Let h = -32 - -63. Let d = 1 - -7. What is the remainder when h is divided by d?
7
Suppose 7*b + 2*b = 180. Let i(a) = a**2 - 4*a - 1. Calculate the remainder when b is divided by i(6).
9
Suppose 4*t + 5*c + 12 = 0, 0 = 3*c + 16 - 4. Suppose t*w - 4*f + 3 = 39, -f - 34 = -3*w. What is the remainder when 58 is divided by w?
8
Suppose -f - 2*b + 17 = -11, -2*f + 3*b = -28. What is the remainder when 79 is divided by f?
19
Let w(q) = -q + 15. What is the remainder when 30 is divided by w(6)?
3
Suppose -5*l - f + 0 = 1, 2*l - 3*f = 3. Suppose -r = -l*r - 36. What is the remainder when r is divided by 19?
17
Let s(z) = -41*z**3 + z. Let k be s(1). Let t = k + 62. Calculate the remainder when t is divided by 12.
10
Suppose s = o - 3*s - 40, 0 = -o - 3*s + 12. What is the remainder when 71 is divided by o?
23
Let h(a) = a**3 + a**2 - a + 6. Let t be h(0). Suppose 0 = -4*z + t*z - 18. What is the remainder when 26 is divided by z?
8
Let f = 18 + -15. Suppose -2*j - f*j + 250 = 0. Calculate the remainder when j is divided by 17.
16
Let i = 195 + -176. Let x(s) = 3*s**2 + s + 5. Calculate the remainder when x(-5) is divided by i.
18
Suppose t + 13 = 3*x, 2*t = -3*x + 12 - 2. Suppose -9*d + 305 = -x*d. Calculate the remainder when d is divided by 16.
13
Suppose 14 = 3*r - 2*j, 3*j - j = -4*r. What is the remainder when 6 is divided by r?
0
Let t = 109 - -26. Let y = t - 72. Calculate the remainder when y is divided by 16.
15
Suppose 0 = -3*f - 2*z + 262, -5*f + 574 = -5*z + 154. What is the remainder when 40 is divided by 2/(-4) + f/4?
19
Let p be 2/5 - (-47)/(-5). Let r be 56/p + (-4)/(-18). Let l = -3 - r. What is the remainder when l is divided by 2?
1
Let a(f) = f**2 + 12*f + 11. Let p(z) = 13*z - 7. Calculate the remainder when p(3) is divided by a(-12).
10
Let c(z) = -2*z**2 - 3*z. Let n be c(-3). Let y = n + 25. Calculate the remainder when 63 is divided by y.
15
Let n be 2/(-4)*(5 - 3). What is the remainder when (-55)/(-2) + n/(-2) is divided by 6/(-39) - (-264)/26?
8
Let d(c) = -32*c + 5. What is the remainder when d(-1) is divided by 14?
9
Suppose -t - 2*y + 7 = -4*y, -2*t = 2*y - 44. Suppose -3*j = -t - 4. Calculate the remainder when j is divided by 6*(-4)/18*-3.
3
Suppose 17 = 2*o - 201. Calculate the remainder when o is divided by 22.
21
Suppose -8*v + 11*v - 6 = 0. What is the remainder when 7 is divided by v?
1
Calculate the remainder when 89 is divided by ((-90)/(-8) + 0)/(6/16).
29
Suppose 7*z - 5*z - 30 = 0. Calculate the remainder when 42 is divided by z.
12
Let y = 91 - 32. What is the remainder when y is divided by 12?
11
Suppose i - 175 = -4*i. Calculate the remainder when i is divided by 48/(-36)*1*-9.
11
Suppose -80 = -2*j + 3*d - d, 3*j - 4*d = 125. Let u(b) = b**2 - b - 35. Let p be u(0). What is the remainder when j is divided by (90/p)/((-2)/14)?
17
Let r be (-22 - (2 + -4)) + 2. Let n = -7 - r. Suppose -q + 3 + 8 = 3*j, -3 = 3*q. Calculate the remainder when n is divided by j.
3
Suppose -2*z + 3*z = 11. Suppose -46 = -5*i - z. Calculate the remainder when 26 is divided by i.
5
Suppose 3*w - 26 - 52 = 0. What is the remainder when w is divided by (1 - -14) + -1 + 0?
12
Let q(z) = -z**3 - z**2 + z + 6. What is the remainder when 10 is divided by q(0)?
4
Let y(z) be the second derivative of -z**5/20 - 7*z**4/12 + z**3/6 + 5*z**2 + 4*z. Calculate the remainder when 8 is divided by y(-7).
2
Let o = -7 + 26. Let h = 9 + -3. Suppose -x - h = -4*p, 4*p = 2*x - 3 - 1. Calculate the remainder when o is divided by x.
9
What is the remainder when 168 is divided by 2/4 - 15*(-119)/42?
39
Let g be -5*(1 + 2/(-10)). Calculate the remainder when 41 is divided by ((-3)/5)/(g/140).
20
Let z(l) = -l**2 + l - 1. Let g be z(0). Let n = g - -4. Suppose 0 = -t + n*t - 24. What is the remainder when t is divided by 5?
2
Suppose -5*b = -19 - 31. Suppose 0 = -0*s + 3*s - 90. Suppose 0*i = -5*i + s. What is the remainder when b is divided by i?
4
Let w(r) = 9*r + 1. What is the remainder when w(1) is divided by (-4 + 0)/((-3 - -5) + -3)?
2
Let k(q) = 2*q + 4. Calculate the remainder when 21 is divided by k(4).
9
Suppose 0 = -o - 2*w - 11, 0 = 4*o - 8*o + 2*w - 94. Let u = o - -44. What is the remainder when u is divided by 8?
7
Let z(k) = -k**3 - 5*k**2 - 2*k - 7. What is the remainder when z(-5) is divided by 2/(-7) + 112/49?
1
What is the remainder when 4*(-1)/(-8)*88 is divided by 9?
8
Let r = -97 + 163. Calculate the remainder when r is divided by 23.
20
Let i = 15 - -46. Calculate the remainder when i is divided by 22.
17
What is the remainder when 4/30 + 939/45 is divided by 8?
5
Suppose 2*p - 5*p = -30. Suppose 0 = -2*n + 7*n - p. Suppose 38 = 5*f + o, -n*f + 6*f = 5*o + 13. What is the remainder when 20 is divided by f?
6
Let w = -3 + 5. Suppose 0 = 4*o + 5*m - 6, 2*o - 3 = w*m + 9. Calculate the remainder when o is divided by (-4)/(-3) + (-10)/(-15).
0
Suppose -4*n + 11 = -1. Suppose -4 = -n*q + 2. What is the remainder when 6 is divided by q?
0
Let x = 74 + -26. Let d = 71 - x. Suppose -d = -3*b - 2. Calculate the remainder when b is divided by 4.
3
Let d = 3 + 9. Let w = 6 - d. What is the remainder when 5 is divided by w/(-1)*(-5)/(-10)?
2
Let j(w) = -w + 2. Let g be (-3)/(((-5)/6)/(-5)). Let z = g + 13. What is the remainder when j(z) is divided by 4?
3
Suppose 5*k - 141 = 264. Let w = 134 - 113. Calculate the remainder when k is divided by w.
18
Let w = -3 + 2. Let n = w + 9. Suppose -4*s = s - 115. What is the remainder when s is divided by n?
7
Let l be 12/1*(-2)/(-6). Suppose 0 = -4*c - 5*y + 45, l*y - 15 = -0*c + c. Calculate the remainder when 12 is divided by c.
2
Let u = 105 - 70. What is the remainder when 243 is divided by u?
33
Let u(n) = 2*n + 1. Let k be (6/(-9))/((-3)/9). What is the remainder when 14 is divided by u(k)?
4
Suppose r - 5 = 2*r, -4*r + 120 = 5*i. What is the remainder when 166 is divided by i?
26
Suppose 0 = -2*m - m + 84. Calculate the remainder when 111 is div